 - 2. Give b(t).
-9
Let p(j) be the first derivative of -6*j + 2*j**2 - 2 + 1/3*j**3. What is p(-5)?
-1
Let g(c) = -13*c**3 + 9*c**2 - 8*c + 13. Let m(o) = 3*o**3 - 2*o**2 + 2*o - 3. Let n(l) = -2*g(l) - 9*m(l). Give n(1).
-2
Let b(n) = 6 + 2 - 8*n + 7*n + 0. Let z be ((-6)/10)/(9/(-90)). Calculate b(z).
2
Let o(z) be the first derivative of -7*z**5/30 - z**4/24 + z**3/6 + 5*z**2/2 + 1. Let q(f) be the second derivative of o(f). What is q(1)?
-14
Let j be (-1)/(1/((-1)/1)). Let k be (1/(-2))/j*0. Let f(i) = -4*i + k + 3*i - 2. Calculate f(3).
-5
Suppose 2*r - 5*m = -4*m - 13, -4*r = 3*m + 1. Let l(u) = -u**3 - 3*u**2 + 5*u - 3. Calculate l(r).
-7
Suppose -5*h + j - 17 = -8, h - 19 = -5*j. Let b(o) = -5*o**3 - 3*o**2 - 1. Let g(u) = -15*u**3 - 8*u**2 - 3. Let c(v) = -8*b(v) + 3*g(v). What is c(h)?
4
Let f(l) = l**2 - l - 7. Let w = -14 - -20. Let j be 18/w + (-4 - -1). Determine f(j).
-7
Let y(z) be the second derivative of z**4/24 - z**2/2 + 2*z. Let u(t) be the first derivative of y(t). Determine u(4).
4
Suppose 4*x + 0*t - 1 = -5*t, x + t - 1 = 0. Suppose 6 = 2*u - x*c - 4, -2*u - 3*c = -3. Let p(s) = 4 + 0*s - 2*s**2 - 3*s**2 - 5*s - s**u. Calculate p(-4).
8
Let o(h) be the first derivative of -h**4/4 + 2*h**3 - 3*h**2 - 2*h + 6. Calculate o(5).
-7
Let v(c) = 3*c**2 + 2. Let m(u) = -10*u**2 + u - 7. Let s(h) = 2*m(h) + 7*v(h). Give s(-3).
3
Suppose 6*m - 3*m = -0*m. Let j(n) = n - 6. Give j(m).
-6
Let p(g) = 1. Let o(y) = -y**2 - 7*y + 5. Let f(t) = -o(t) + 5*p(t). Let x be f(-7). Suppose 2*w = -x*w + 2. Let z(c) = 2*c + 1. Give z(w).
3
Let c = 95 - 89. Let z(g) = g**2 - 8*g + 1. Determine z(c).
-11
Let z(c) = -30*c + 26. Let j(d) = -6*d + 5. Let w(u) = -11*j(u) + 2*z(u). Calculate w(2).
9
Let u(t) = t - 4. Suppose 3*v = -6, -13 = -5*k + 4*v + 15. Determine u(k).
0
Let f be ((-3)/(-6))/((-2)/24). Let z(t) = t**3 + 5*t**2 - 8*t - 7. Let l be z(f). Let j(d) = -d**3 + 4*d**2 + 3*d + 7. Determine j(l).
-3
Let h(f) be the first derivative of f**4/4 + 2*f**3 + 3*f**2/2 + 1. Let l(g) = g**2 - 15*g + 11. Let a be l(14). Calculate h(a).
18
Let v(d) = -d + 2. Let f = 7 + -12. Let g = -8 - f. Calculate v(g).
5
Let l(z) be the first derivative of -z**2/2 + z + 38. Let m = -3 + 2. Give l(m).
2
Let j(w) = w. Let z be 8/32 - (-50)/(-8). Calculate j(z).
-6
Let q(x) = 3*x - 4*x**2 - 5*x - 2*x + 3 - 4*x**3. Let f(v) = -5*v**3 - 5*v**2 - 5*v + 2. Let n(s) = 3*f(s) - 4*q(s). Calculate n(0).
-6
Let q = -13 - -15. Let b(a) = a + 11. Let g(o) = 5. Let t(r) = -2*b(r) + 5*g(r). Calculate t(q).
-1
Suppose -4*p - 16 = 4*z, 0*p - 3*z = p + 10. Let k be 2 - p - (2 - 2). Let i(o) = -2 - 2*o**2 + k*o + 0 - 2*o**2 + o**3. Calculate i(3).
-2
Let o(s) = -s - 3. Let f be (18 - (0 - 1)) + 1. Let d = 14 - f. Calculate o(d).
3
Let i(m) = m**3 - m**2 + 8. Let v(t) = -3*t - 1. Let f(q) = 4*q + 2. Let g(k) = -5*f(k) - 7*v(k). Let l be g(3). Give i(l).
8
Let j = -9 - -12. Suppose 0 = y + j*t + 7, 5*y - 3*t = y + 17. Let f(w) = 4*w**2 - 1 + 9*w - 3*w**y + 5 - 4*w. Calculate f(-3).
-2
Suppose 0 = -5*s + 3*m + 19, 2 = -s + 4*m - 1. Let c(j) = -6*j**2 + j + 3. Let n(a) = 7*a**2 - a - 4. Let l(b) = s*n(b) + 6*c(b). Determine l(3).
-8
Let g(f) = f + 6. Suppose -8 = -3*b - b. Let l be ((-3)/b)/(6/12). Give g(l).
3
Let j(p) = -p - 3. Let t(d) = -2*d + d + 1 + 1 + 0*d. Let u be t(5). Determine j(u).
0
Let p be (-25)/(-10)*4/10. Let l be (0 + -1 - p) + 11. Suppose 2*q + 3*c = 16, l = q + 4*c - 9. Let g(s) = s**2 - 3*s + 2. Determine g(q).
0
Let q be (-315)/(-65) + (-2)/(-13). Let x(o) = -o + q*o - 3*o + 0*o. Give x(-3).
-3
Let v(i) be the third derivative of i**8/20160 + i**7/5040 + i**5/30 + i**2. Let x(u) be the third derivative of v(u). What is x(-1)?
0
Suppose -4*p - p - 20 = 0. Let k(i) = -i. Let d(q) = -2*q**2 - 4*q - 6. Let z(w) = d(w) + 3*k(w). Give z(p).
-10
Let y(s) = -s**3 + s**2 + 3*s - 3. Let v(a) be the first derivative of 3*a**4/4 - 4*a**3/3 - 13*a**2/2 + 13*a - 1. Let p(r) = -2*v(r) - 9*y(r). What is p(1)?
2
Suppose -2*m - 4*k = -10, 8*m - 3*k = 3*m + 38. Let p(f) = -f**3 + 7*f**2 - f + 1. Determine p(m).
-6
Let d(i) = 4*i + 7. Let x(h) = -11*h - 20. Let c(r) = -17*d(r) - 6*x(r). Let t be 3/3*-5 + 2. What is c(t)?
7
Let d = -6 + 3. Let o(z) be the third derivative of z**6/120 + z**5/20 - z**4/8 - z**3/2 + z**2. Let v be o(d). Let l(r) = -r - 2. Give l(v).
-8
Let i = 3 - 5. Let w(a) be the third derivative of 0*a - 4*a**2 - 1/6*a**3 - 1/6*a**4 + 0. What is w(i)?
7
Let y(o) = -10*o**2 - 4*o - 3. Let z be y(-2). Let x be (-26)/7 - (-10)/z. Let j(h) = -h**3 - 4*h**2 + 4. Calculate j(x).
4
Let d(g) = 50*g**2 - 45*g**2 + 1 - 2*g + 3*g + g**3. Calculate d(-5).
-4
Let v(d) = -d**3 + 8*d**2 - 4*d - 5. Let p be -1 - -9 - (3 + 0 + -2). Give v(p).
16
Let p(q) = 8*q + 1. Let x be 2*(15/(-10) + 2). Determine p(x).
9
Suppose 2 = -u - 4*h - 3, -8 = -2*u + h. Let b(n) = -n**3 + 4*n**2 - 5*n + 3. Give b(u).
-3
Let r(l) be the third derivative of 9*l**2 + 0 + 1/8*l**4 + 0*l**3 + 0*l. Calculate r(-5).
-15
Let k(a) = -a**2 - a - 1. Let j(z) = 2 + 2*z - 3*z + z**2 - 4 - 11*z**2. Let y(f) = j(f) - 2*k(f). Suppose 4*t + 1 = -5*d, -3*t - 2*d = -3*d - 4. What is y(t)?
-7
Let x(n) = n**2 - 13*n + 8. Let r be x(12). Let p(k) = -k - 4*k**3 + 3*k**3 - 6*k**2 - 4*k - 1. Calculate p(r).
-13
Let f(y) = 3*y**2 - 4*y**2 - 2*y**2 + 5*y**2. Suppose o + 2 = -3*l, 0 = 2*l - 3*l + 2*o + 11. What is f(l)?
2
Let w(r) = -r**2 + 8*r - 5. Suppose -6*q = -8*q + 10. Suppose -q*i = -j - 18, 2*i + 2*i = 5*j + 6. Determine w(i).
11
Let o(p) be the third derivative of 1/3*p**3 + 1/8*p**4 + 0*p + 3*p**2 + 0. Give o(-2).
-4
Let n(z) = -2*z**2 + 8*z - 10. Let c(t) = -t**2 + 4*t - 5. Let j(o) = 5*c(o) - 2*n(o). Calculate j(4).
-5
Suppose 19 = -3*p + 7. Let h be 1/((p/20)/1). Let u(r) = -r**2 - 3*r + 2. What is u(h)?
-8
Let n(f) = f. Let x(g) = -2*g + 4. Let d(p) = -3*n(p) - x(p). Let m be -4 + (3 + 13)/4. Let b be 3 + 2/(-8)*m. What is d(b)?
-7
Let g(w) = -w**3 + 4*w**2 + 4*w + 4. Let n be (4/3)/((-2)/(-645)). Let s be 2/9 - n/(-90). What is g(s)?
-1
Let t(a) = a**2 - 2. Let x(o) = -3*o**2 + 5. Let p(s) = 8*t(s) + 3*x(s). Suppose z + 6 = -j + 2, 0 = 5*z - 5*j - 20. Give p(z).
-1
Let i(o) = -10790 + 10790 - o. Calculate i(4).
-4
Let o(n) be the first derivative of n**4/4 - 3*n**3 + 7*n**2/2 + 4*n + 22. Give o(8).
-4
Let s(k) be the second derivative of k**5/20 + k**4/4 + k**3/2 + k**2 - 4*k. What is s(-3)?
-7
Let h be -2 + 8 + -2 - -2. Let x(i) be the second derivative of -i**3/6 + i**2 - 16*i. Determine x(h).
-4
Let j(o) = -2*o**3 + 2*o**2 + o + 1. Let u be j(2). Let p be 4/(-10) + (-47)/u. Suppose -n - 2*n = -p. Let x(q) = q**3 - 3*q**2 + 3*q - 3. Calculate x(n).
6
Let i(v) = -v + 7. Let o be (-28)/(-16) - (-2)/8. Suppose 0 = 3*p + o*f - 18, -4*p - 3*f + 24 = -1. What is i(p)?
3
Let i(w) = -9*w - 6. Let t be i(-5). Let q = t + -33. Let c(o) = o + 4. Let l(a) = 1. Let x(y) = -c(y) + 6*l(y). Calculate x(q).
-4
Let v(n) = -n**2 + 2*n - 1. Let h be v(2). Let r(o) = -4*o**2 - 424*o + 6*o**2 + 1 + 424*o. Give r(h).
3
Let j = 21 + -20. Let u(m) be the first derivative of 2*m**5/15 - m**3/6 - m**2/2 - 2. Let z(y) be the second derivative of u(y). Calculate z(j).
7
Let j = 1 + -2. Let z(o) be the first derivative of 5*o**4/4 + 2*o**3/3 + o**2/2 + 2. Let u be z(j). Let v(a) = -a**3 - 4*a**2 - 2*a. What is v(u)?
8
Let x(o) = -2*o - 7. Let c = 18 - 20. Let b(w) be the first derivative of -w**3/3 - w + 2. Let p be b(c). Give x(p).
3
Let i(y) = 5 - y - 4 + 0 + 1. Determine i(-7).
9
Let m be (-14)/6 + 2/6. Let a(s) = -2*s + 0*s + s**2 + 1 + 3*s. Give a(m).
3
Suppose 0*v - k = 2*v + 8, v = -5*k - 4. Let u(g) = g**2 + 7*g + 5. Determine u(v).
-7
Let w(p) = -p**3 - p**2 + p + 1. Let c be w(-2). Suppose 4 = -3*k + 3*n - 2, c*n = 0. Let r(a) = -a. Determine r(k).
2
Suppose 0 = -5*a + a + 8. Suppose -v = -a, 5*j + 4 = 3*j + 4*v. Let b(t) = 0*t**3 + t - 4*t**3 + 4*t**j - 3*t**2. What is b(-1)?
4
Let w(d) = d**2 - d**3 + 3 + 8*d - 7*d**2 - 4. Give w(-7).
-8
Let k(w) be the first derivative of -11*w**2/2 + w - 5. Suppose 6*t - 15 = t. Let f = -2 + t. Calculate k(f).
-10
Let k(s) = -s**2 - 7*s + 6. Let a be k(-7). Let y(v) be the third derivative of v**4/24 + 24*v**2. Determine y(a).
6
Let f(m) = m**2 + 10*m + 6. Suppose 0 = -3*z - 12 - 12. What is